{"id":714,"date":"2017-03-04T10:06:17","date_gmt":"2017-03-04T10:06:17","guid":{"rendered":"http:\/\/www.lep.pl\/?page_id=714"},"modified":"2024-11-13T12:06:03","modified_gmt":"2024-11-13T12:06:03","slug":"mcu42-2","status":"publish","type":"page","link":"https:\/\/lep.pl\/index.php\/witamy\/mcu42-2\/","title":{"rendered":"MCU42"},"content":{"rendered":"<div class=\"wpb-content-wrapper\"><p>[vc_row css=&#8221;.vc_custom_1552478981589{background-position: center !important;background-repeat: no-repeat !important;background-size: cover !important;}&#8221;][vc_column][vc_row_inner css=&#8221;.vc_custom_1552478988234{padding-top: 3% !important;padding-right: 12% !important;padding-left: 12% !important;}&#8221;][vc_column_inner width=&#8221;1\/2&#8243;][vc_column_text]<\/p>\n<h1><strong>MCU42<\/strong><br \/>\nmodu\u0142 komunikacyjny USB<\/h1>\n<p>[\/vc_column_text][\/vc_column_inner][vc_column_inner width=&#8221;1\/4&#8243;][vc_single_image image=&#8221;918&#8243; img_size=&#8221;large&#8221; alignment=&#8221;center&#8221; onclick=&#8221;link_image&#8221; title=&#8221;MCU42&#8243; el_class=&#8221;image_text&#8221;][\/vc_column_inner][vc_column_inner width=&#8221;1\/4&#8243;][vc_single_image image=&#8221;919&#8243; img_size=&#8221;large&#8221; alignment=&#8221;center&#8221; onclick=&#8221;link_image&#8221; title=&#8221;MCU42&#8243; el_class=&#8221;image_text&#8221;][\/vc_column_inner][\/vc_row_inner][vc_row_inner css=&#8221;.vc_custom_1485607271454{padding-right: 12% !important;padding-left: 12% !important;}&#8221;][vc_column_inner][vc_toggle title=&#8221;Opis produktu (rozwi\u0144\/zwi\u0144)&#8221; style=&#8221;simple&#8221; color=&#8221;green&#8221; size=&#8221;lg&#8221; css=&#8221;&#8221; el_id=&#8221;1552479083894-0855f12b-62d7&#8243;]Modu\u0142 komunikacji USB MCU42 jest urz\u0105dzeniem umo\u017cliwiaj\u0105cym komunikacj\u0119 pomi\u0119dzy komputerem PC z zainstalowanym programem AFS42 a central\u0105 ppo\u017c AFS42. Umo\u017cliwia tym samym konfigurowanie centrali, odczyt zdarze\u0144 oraz wydruk raportu z poziomu programu komputerowego. MCU42 jest automatycznie wyszukiwany przez program AFS42 i nie wymaga sterownik\u00f3w do poprawnego funkcjonowania.<br \/>\nModu\u0142 MCU42 jest dostarczany wraz z central\u0105 AFS42.[\/vc_toggle][vc_toggle title=&#8221;Zasada dzia\u0142ania (rozwi\u0144\/zwi\u0144)&#8221; style=&#8221;simple&#8221; color=&#8221;green&#8221; size=&#8221;lg&#8221; css=&#8221;&#8221; el_id=&#8221;1552479114904-86d331db-94a0&#8243;]Urz\u0105dzenie dzia\u0142a w spos\u00f3b automatyczny i nie wymaga \u017cadnych czynno\u015bci ze strony u\u017cytkownika. Praca MCU42 sprowadza si\u0119 do konwersji danych przesy\u0142anych z programu AFS42 przez interfejs USB na posta\u0107 danych w formie sygna\u0142\u00f3w interfejsu RS485 oraz na konwersji w przeciwnym kierunku, tj. konwersji sygna\u0142\u00f3w interfejsu RS485 na dane w protokole USB. MCU42 jest zasilany bezpo\u015brednio z portu USB i nie wymaga \u017cadnego dodatkowego zasilania. Poprawna praca urz\u0105dzenia sygnalizowana jest miganiem kontrolki LED.<\/p>\n<p>Centrala AFS42 zapewnia izolacj\u0119 galwaniczn\u0105 z\u0142\u0105cza RS485, dzi\u0119ki czemu modu\u0142 MCU42 (USB) jest odseparowany.<\/p>\n<p>Przed po\u0142\u0105czeniem z central\u0105 nale\u017cy zezwoli\u0107 na prac\u0119 z MCU42 w ustawieniach centrali, przechodz\u0105c z g\u0142\u00f3wnego menu do menu USTAWIENIA\\MMX MO\u017bLIWE i wybieraj\u0105c ustawienie W SYSTEMIE na warto\u015b\u0107 TAK dla jednego z podanych modu\u0142\u00f3w MMX.<\/p>\n<p>Modu\u0142 MCU42 poza konfiguracj\u0105 centrali umo\u017cliwia tak\u017ce pobieranie (i wydruk) zdarze\u0144 oraz zdaln\u0105 prac\u0119 z central\u0105 (przes\u0142anie ekranu LCD i przycisk\u00f3w) z poziomu komputera.[\/vc_toggle][vc_toggle title=&#8221;Dane techniczne (rozwi\u0144\/zwi\u0144)&#8221; style=&#8221;simple&#8221; color=&#8221;green&#8221; size=&#8221;lg&#8221; css=&#8221;&#8221; el_id=&#8221;1552479142718-cccc9209-a7b6&#8243;]<\/p>\n<table style=\"width: 29.2066%;\" border=\"0\">\n<tbody>\n<tr>\n<td style=\"width: 49.2114%;\">Napi\u0119cie zasilania<\/td>\n<td style=\"width: 78.8644%;\" align=\"right\">5V DC (z portu USB)<\/td>\n<\/tr>\n<tr>\n<td style=\"width: 49.2114%;\">Pob\u00f3r pr\u0105du<\/td>\n<td style=\"width: 78.8644%;\" align=\"right\">40mA<\/td>\n<\/tr>\n<tr>\n<td style=\"width: 49.2114%;\">Temperatura pracy<\/td>\n<td style=\"width: 78.8644%;\" align=\"right\">0\u00b0C do +40\u00b0C<\/td>\n<\/tr>\n<tr>\n<td style=\"width: 49.2114%;\">Wilgotno\u015b\u0107 wzgl\u0119dna<\/td>\n<td style=\"width: 78.8644%;\" align=\"right\">do 80% przy 40\u00b0C<\/td>\n<\/tr>\n<tr>\n<td style=\"width: 49.2114%;\">Obudowa<\/td>\n<td style=\"width: 78.8644%;\" align=\"right\">tworzywo sztuczne<\/td>\n<\/tr>\n<tr>\n<td style=\"width: 49.2114%;\">Wymiary<\/td>\n<td style=\"width: 78.8644%;\" align=\"right\">56 x 47 x 27 mm<\/td>\n<\/tr>\n<tr>\n<td style=\"width: 49.2114%;\">Masa z przewodami<\/td>\n<td style=\"width: 78.8644%;\" align=\"right\">100g \u00b1 5g<\/td>\n<\/tr>\n<\/tbody>\n<\/table>\n<p>[\/vc_toggle][vc_toggle title=&#8221;Pliki i dokumenty (rozwi\u0144\/zwi\u0144)&#8221; style=&#8221;simple&#8221; color=&#8221;green&#8221; size=&#8221;lg&#8221; css=&#8221;&#8221; el_id=&#8221;1552479162168-6a25881a-9979&#8243;]<\/p>\n<ol>\n<li><img decoding=\"async\" src=\"https:\/\/lep.pl\/wp-content\/uploads\/2017\/01\/ic_done.png\" width=\"20\" height=\"20\" \/> <a href=\"https:\/\/lep.pl\/files\/file\/PL\/IO\/42-mcu42-iot-150505.pdf\">MCU42 Modu\u0142 komunikacyjny USB do AFS42 &#8211; instrukcja obs\u0142ugi, informacja techniczna<\/a><\/li>\n<li><img decoding=\"async\" src=\"https:\/\/lep.pl\/wp-content\/uploads\/2017\/01\/ic_done.png\" width=\"20\" height=\"20\" \/> <a href=\"https:\/\/lep.pl\/files\/file\/PL\/KK\/42-mcu42-kk-150423.pdf\">MCU42 Modu\u0142 komunikacyjny USB do AFS42 &#8211; karta katalogowa<\/a><\/li>\n<\/ol>\n<p>[\/vc_toggle][\/vc_column_inner][\/vc_row_inner][\/vc_column][\/vc_row][vc_row content_placement=&#8221;top&#8221; css=&#8221;.vc_custom_1552479211137{background-position: center !important;background-repeat: no-repeat !important;background-size: cover !important;}&#8221;][vc_column][vc_row_inner css=&#8221;.vc_custom_1552479412683{padding-right: 12% !important;padding-left: 12% !important;}&#8221;][vc_column_inner width=&#8221;1\/4&#8243;][vc_column_text]<a href=\"mailto:biuro@lep.pl\">biuro@lep.pl<\/a>[\/vc_column_text][\/vc_column_inner][vc_column_inner width=&#8221;1\/4&#8243;][vc_column_text](32) 754 54 54<br \/>\n(32) 754 54 55[\/vc_column_text][\/vc_column_inner][vc_column_inner width=&#8221;1\/4&#8243;][vc_column_text]<a href=\"https:\/\/goo.gl\/maps\/2HeA81byii52\" target=\"_blank\" rel=\"noopener noreferrer\">Wsp\u00f3lna 9, <\/a><a href=\"https:\/\/goo.gl\/maps\/2HeA81byii52\">32-300, Olkusz<br \/>\n<\/a>NIP: 637-010-87-21[\/vc_column_text][\/vc_column_inner][vc_column_inner width=&#8221;1\/4&#8243;][\/vc_column_inner][\/vc_row_inner][\/vc_column][\/vc_row]<\/p>\n<\/div>","protected":false},"excerpt":{"rendered":"<p>[vc_row css=&#8221;.vc_custom_1552478981589{background-position: center !important;background-repeat: no-repeat !important;background-size: cover !important;}&#8221;][vc_column][vc_row_inner css=&#8221;.vc_custom_1552478988234{padding-top: 3% !important;padding-right: 12% !important;padding-left: 12% !important;}&#8221;][vc_column_inner width=&#8221;1\/2&#8243;][vc_column_text] MCU42 modu\u0142 komunikacyjny USB [\/vc_column_text][\/vc_column_inner][vc_column_inner width=&#8221;1\/4&#8243;][vc_single_image image=&#8221;918&#8243; img_size=&#8221;large&#8221; alignment=&#8221;center&#8221; onclick=&#8221;link_image&#8221; title=&#8221;MCU42&#8243; el_class=&#8221;image_text&#8221;][\/vc_column_inner][vc_column_inner width=&#8221;1\/4&#8243;][vc_single_image image=&#8221;919&#8243; img_size=&#8221;large&#8221; alignment=&#8221;center&#8221; onclick=&#8221;link_image&#8221; title=&#8221;MCU42&#8243; el_class=&#8221;image_text&#8221;][\/vc_column_inner][\/vc_row_inner][vc_row_inner css=&#8221;.vc_custom_1485607271454{padding-right: 12% !important;padding-left: 12% !important;}&#8221;][vc_column_inner][vc_toggle title=&#8221;Opis produktu (rozwi\u0144\/zwi\u0144)&#8221; style=&#8221;simple&#8221; color=&#8221;green&#8221; size=&#8221;lg&#8221; css=&#8221;&#8221; el_id=&#8221;1552479083894-0855f12b-62d7&#8243;]Modu\u0142 komunikacji USB MCU42 jest urz\u0105dzeniem umo\u017cliwiaj\u0105cym komunikacj\u0119 [&hellip;]<\/p>\n","protected":false},"author":2,"featured_media":0,"parent":381,"menu_order":0,"comment_status":"closed","ping_status":"closed","template":"page-full-width.php","meta":{"footnotes":""},"class_list":["post-714","page","type-page","status-publish","hentry"],"yoast_head":"<!-- This site is optimized with the Yoast SEO plugin v27.3 - https:\/\/yoast.com\/product\/yoast-seo-wordpress\/ -->\n<title>modu\u0142 komunikacji USB MCU42 | LEP - producent elektroniki ppo\u017c<\/title>\n<meta name=\"description\" content=\"Modu\u0142 komunikacji USB MCU42 jest urz\u0105dzeniem umo\u017cliwiaj\u0105cym komunikacj\u0119 pomi\u0119dzy komputerem PC z zainstalowanym programem AFS42 a central\u0105 ppo\u017c AFS42.\" \/>\n<meta name=\"robots\" content=\"index, follow, max-snippet:-1, max-image-preview:large, max-video-preview:-1\" \/>\n<link rel=\"canonical\" href=\"https:\/\/lep.pl\/index.php\/witamy\/mcu42-2\/\" \/>\n<meta property=\"og:locale\" content=\"pl_PL\" \/>\n<meta property=\"og:type\" content=\"article\" \/>\n<meta property=\"og:title\" content=\"modu\u0142 komunikacji USB MCU42 | LEP - producent elektroniki ppo\u017c\" \/>\n<meta property=\"og:description\" content=\"Modu\u0142 komunikacji USB MCU42 jest urz\u0105dzeniem umo\u017cliwiaj\u0105cym komunikacj\u0119 pomi\u0119dzy komputerem PC z zainstalowanym programem AFS42 a central\u0105 ppo\u017c AFS42.\" \/>\n<meta property=\"og:url\" content=\"https:\/\/lep.pl\/index.php\/witamy\/mcu42-2\/\" \/>\n<meta property=\"og:site_name\" content=\"LEP\" \/>\n<meta property=\"article:modified_time\" content=\"2024-11-13T12:06:03+00:00\" \/>\n<meta property=\"og:image\" content=\"http:\/\/lep.pl\/wp-content\/uploads\/2017\/01\/ic_done.png\" \/>\n<meta name=\"twitter:card\" content=\"summary_large_image\" \/>\n<meta name=\"twitter:label1\" content=\"Szacowany czas czytania\" \/>\n\t<meta name=\"twitter:data1\" content=\"3 minuty\" \/>\n<script type=\"application\/ld+json\" class=\"yoast-schema-graph\">{\"@context\":\"https:\\\/\\\/schema.org\",\"@graph\":[{\"@type\":\"WebPage\",\"@id\":\"https:\\\/\\\/lep.pl\\\/index.php\\\/witamy\\\/mcu42-2\\\/\",\"url\":\"https:\\\/\\\/lep.pl\\\/index.php\\\/witamy\\\/mcu42-2\\\/\",\"name\":\"modu\u0142 komunikacji USB MCU42 | LEP - producent elektroniki ppo\u017c\",\"isPartOf\":{\"@id\":\"https:\\\/\\\/lep.pl\\\/#website\"},\"primaryImageOfPage\":{\"@id\":\"https:\\\/\\\/lep.pl\\\/index.php\\\/witamy\\\/mcu42-2\\\/#primaryimage\"},\"image\":{\"@id\":\"https:\\\/\\\/lep.pl\\\/index.php\\\/witamy\\\/mcu42-2\\\/#primaryimage\"},\"thumbnailUrl\":\"http:\\\/\\\/lep.pl\\\/wp-content\\\/uploads\\\/2017\\\/01\\\/ic_done.png\",\"datePublished\":\"2017-03-04T10:06:17+00:00\",\"dateModified\":\"2024-11-13T12:06:03+00:00\",\"description\":\"Modu\u0142 komunikacji USB MCU42 jest urz\u0105dzeniem umo\u017cliwiaj\u0105cym komunikacj\u0119 pomi\u0119dzy komputerem PC z zainstalowanym programem AFS42 a central\u0105 ppo\u017c AFS42.\",\"breadcrumb\":{\"@id\":\"https:\\\/\\\/lep.pl\\\/index.php\\\/witamy\\\/mcu42-2\\\/#breadcrumb\"},\"inLanguage\":\"pl-PL\",\"potentialAction\":[{\"@type\":\"ReadAction\",\"target\":[\"https:\\\/\\\/lep.pl\\\/index.php\\\/witamy\\\/mcu42-2\\\/\"]}]},{\"@type\":\"ImageObject\",\"inLanguage\":\"pl-PL\",\"@id\":\"https:\\\/\\\/lep.pl\\\/index.php\\\/witamy\\\/mcu42-2\\\/#primaryimage\",\"url\":\"http:\\\/\\\/lep.pl\\\/wp-content\\\/uploads\\\/2017\\\/01\\\/ic_done.png\",\"contentUrl\":\"http:\\\/\\\/lep.pl\\\/wp-content\\\/uploads\\\/2017\\\/01\\\/ic_done.png\"},{\"@type\":\"BreadcrumbList\",\"@id\":\"https:\\\/\\\/lep.pl\\\/index.php\\\/witamy\\\/mcu42-2\\\/#breadcrumb\",\"itemListElement\":[{\"@type\":\"ListItem\",\"position\":1,\"name\":\"Strona g\u0142\u00f3wna\",\"item\":\"https:\\\/\\\/lep.pl\\\/\"},{\"@type\":\"ListItem\",\"position\":2,\"name\":\"Witamy\",\"item\":\"https:\\\/\\\/lep.pl\\\/\"},{\"@type\":\"ListItem\",\"position\":3,\"name\":\"MCU42\"}]},{\"@type\":\"WebSite\",\"@id\":\"https:\\\/\\\/lep.pl\\\/#website\",\"url\":\"https:\\\/\\\/lep.pl\\\/\",\"name\":\"LEP\",\"description\":\"- centrale PPO\u017b, czujniki dymu i zasilacze\",\"publisher\":{\"@id\":\"https:\\\/\\\/lep.pl\\\/#organization\"},\"potentialAction\":[{\"@type\":\"SearchAction\",\"target\":{\"@type\":\"EntryPoint\",\"urlTemplate\":\"https:\\\/\\\/lep.pl\\\/?s={search_term_string}\"},\"query-input\":{\"@type\":\"PropertyValueSpecification\",\"valueRequired\":true,\"valueName\":\"search_term_string\"}}],\"inLanguage\":\"pl-PL\"},{\"@type\":\"Organization\",\"@id\":\"https:\\\/\\\/lep.pl\\\/#organization\",\"name\":\"Lep\",\"url\":\"https:\\\/\\\/lep.pl\\\/\",\"logo\":{\"@type\":\"ImageObject\",\"inLanguage\":\"pl-PL\",\"@id\":\"https:\\\/\\\/lep.pl\\\/#\\\/schema\\\/logo\\\/image\\\/\",\"url\":\"https:\\\/\\\/lep.pl\\\/wp-content\\\/uploads\\\/2017\\\/04\\\/logo@1x.png\",\"contentUrl\":\"https:\\\/\\\/lep.pl\\\/wp-content\\\/uploads\\\/2017\\\/04\\\/logo@1x.png\",\"width\":400,\"height\":54,\"caption\":\"Lep\"},\"image\":{\"@id\":\"https:\\\/\\\/lep.pl\\\/#\\\/schema\\\/logo\\\/image\\\/\"}}]}<\/script>\n<!-- \/ Yoast SEO plugin. -->","yoast_head_json":{"title":"modu\u0142 komunikacji USB MCU42 | LEP - producent elektroniki ppo\u017c","description":"Modu\u0142 komunikacji USB MCU42 jest urz\u0105dzeniem umo\u017cliwiaj\u0105cym komunikacj\u0119 pomi\u0119dzy komputerem PC z zainstalowanym programem AFS42 a central\u0105 ppo\u017c AFS42.","robots":{"index":"index","follow":"follow","max-snippet":"max-snippet:-1","max-image-preview":"max-image-preview:large","max-video-preview":"max-video-preview:-1"},"canonical":"https:\/\/lep.pl\/index.php\/witamy\/mcu42-2\/","og_locale":"pl_PL","og_type":"article","og_title":"modu\u0142 komunikacji USB MCU42 | LEP - producent elektroniki ppo\u017c","og_description":"Modu\u0142 komunikacji USB MCU42 jest urz\u0105dzeniem umo\u017cliwiaj\u0105cym komunikacj\u0119 pomi\u0119dzy komputerem PC z zainstalowanym programem AFS42 a central\u0105 ppo\u017c AFS42.","og_url":"https:\/\/lep.pl\/index.php\/witamy\/mcu42-2\/","og_site_name":"LEP","article_modified_time":"2024-11-13T12:06:03+00:00","og_image":[{"url":"http:\/\/lep.pl\/wp-content\/uploads\/2017\/01\/ic_done.png","type":"","width":"","height":""}],"twitter_card":"summary_large_image","twitter_misc":{"Szacowany czas czytania":"3 minuty"},"schema":{"@context":"https:\/\/schema.org","@graph":[{"@type":"WebPage","@id":"https:\/\/lep.pl\/index.php\/witamy\/mcu42-2\/","url":"https:\/\/lep.pl\/index.php\/witamy\/mcu42-2\/","name":"modu\u0142 komunikacji USB MCU42 | LEP - producent elektroniki ppo\u017c","isPartOf":{"@id":"https:\/\/lep.pl\/#website"},"primaryImageOfPage":{"@id":"https:\/\/lep.pl\/index.php\/witamy\/mcu42-2\/#primaryimage"},"image":{"@id":"https:\/\/lep.pl\/index.php\/witamy\/mcu42-2\/#primaryimage"},"thumbnailUrl":"http:\/\/lep.pl\/wp-content\/uploads\/2017\/01\/ic_done.png","datePublished":"2017-03-04T10:06:17+00:00","dateModified":"2024-11-13T12:06:03+00:00","description":"Modu\u0142 komunikacji USB MCU42 jest urz\u0105dzeniem umo\u017cliwiaj\u0105cym komunikacj\u0119 pomi\u0119dzy komputerem PC z zainstalowanym programem AFS42 a central\u0105 ppo\u017c AFS42.","breadcrumb":{"@id":"https:\/\/lep.pl\/index.php\/witamy\/mcu42-2\/#breadcrumb"},"inLanguage":"pl-PL","potentialAction":[{"@type":"ReadAction","target":["https:\/\/lep.pl\/index.php\/witamy\/mcu42-2\/"]}]},{"@type":"ImageObject","inLanguage":"pl-PL","@id":"https:\/\/lep.pl\/index.php\/witamy\/mcu42-2\/#primaryimage","url":"http:\/\/lep.pl\/wp-content\/uploads\/2017\/01\/ic_done.png","contentUrl":"http:\/\/lep.pl\/wp-content\/uploads\/2017\/01\/ic_done.png"},{"@type":"BreadcrumbList","@id":"https:\/\/lep.pl\/index.php\/witamy\/mcu42-2\/#breadcrumb","itemListElement":[{"@type":"ListItem","position":1,"name":"Strona g\u0142\u00f3wna","item":"https:\/\/lep.pl\/"},{"@type":"ListItem","position":2,"name":"Witamy","item":"https:\/\/lep.pl\/"},{"@type":"ListItem","position":3,"name":"MCU42"}]},{"@type":"WebSite","@id":"https:\/\/lep.pl\/#website","url":"https:\/\/lep.pl\/","name":"LEP","description":"- centrale PPO\u017b, czujniki dymu i zasilacze","publisher":{"@id":"https:\/\/lep.pl\/#organization"},"potentialAction":[{"@type":"SearchAction","target":{"@type":"EntryPoint","urlTemplate":"https:\/\/lep.pl\/?s={search_term_string}"},"query-input":{"@type":"PropertyValueSpecification","valueRequired":true,"valueName":"search_term_string"}}],"inLanguage":"pl-PL"},{"@type":"Organization","@id":"https:\/\/lep.pl\/#organization","name":"Lep","url":"https:\/\/lep.pl\/","logo":{"@type":"ImageObject","inLanguage":"pl-PL","@id":"https:\/\/lep.pl\/#\/schema\/logo\/image\/","url":"https:\/\/lep.pl\/wp-content\/uploads\/2017\/04\/logo@1x.png","contentUrl":"https:\/\/lep.pl\/wp-content\/uploads\/2017\/04\/logo@1x.png","width":400,"height":54,"caption":"Lep"},"image":{"@id":"https:\/\/lep.pl\/#\/schema\/logo\/image\/"}}]}},"_links":{"self":[{"href":"https:\/\/lep.pl\/index.php\/wp-json\/wp\/v2\/pages\/714","targetHints":{"allow":["GET"]}}],"collection":[{"href":"https:\/\/lep.pl\/index.php\/wp-json\/wp\/v2\/pages"}],"about":[{"href":"https:\/\/lep.pl\/index.php\/wp-json\/wp\/v2\/types\/page"}],"author":[{"embeddable":true,"href":"https:\/\/lep.pl\/index.php\/wp-json\/wp\/v2\/users\/2"}],"replies":[{"embeddable":true,"href":"https:\/\/lep.pl\/index.php\/wp-json\/wp\/v2\/comments?post=714"}],"version-history":[{"count":30,"href":"https:\/\/lep.pl\/index.php\/wp-json\/wp\/v2\/pages\/714\/revisions"}],"predecessor-version":[{"id":3667,"href":"https:\/\/lep.pl\/index.php\/wp-json\/wp\/v2\/pages\/714\/revisions\/3667"}],"up":[{"embeddable":true,"href":"https:\/\/lep.pl\/index.php\/wp-json\/wp\/v2\/pages\/381"}],"wp:attachment":[{"href":"https:\/\/lep.pl\/index.php\/wp-json\/wp\/v2\/media?parent=714"}],"curies":[{"name":"wp","href":"https:\/\/api.w.org\/{rel}","templated":true}]}}