{"id":3623,"date":"2024-11-12T10:44:14","date_gmt":"2024-11-12T10:44:14","guid":{"rendered":"https:\/\/lep.pl\/?page_id=3623"},"modified":"2025-07-16T10:57:54","modified_gmt":"2025-07-16T10:57:54","slug":"mpw42-2","status":"publish","type":"page","link":"https:\/\/lep.pl\/index.php\/witamy\/mpw42-2\/","title":{"rendered":"MDZ42 \u2013 modu\u0142 drukarki zewn\u0119trznej"},"content":{"rendered":"<div class=\"wpb-content-wrapper\"><p>[vc_row css=&#8221;.vc_custom_1552570670720{background-position: center !important;background-repeat: no-repeat !important;background-size: cover !important;}&#8221;][vc_column][vc_row_inner css=&#8221;.vc_custom_1552570680500{padding-top: 3% !important;padding-right: 12% !important;padding-left: 12% !important;}&#8221;][vc_column_inner width=&#8221;1\/2&#8243;][vc_column_text css=&#8221;&#8221;]<\/p>\n<h1><strong>MDZ42<\/strong><br \/>\nmodu\u0142 drukarki zewn\u0119trznej<\/h1>\n<p>[\/vc_column_text][\/vc_column_inner][vc_column_inner width=&#8221;1\/4&#8243;][vc_single_image image=&#8221;3699&#8243; img_size=&#8221;large&#8221; alignment=&#8221;center&#8221; onclick=&#8221;link_image&#8221; css=&#8221;&#8221; title=&#8221;MDZ42&#8243; el_class=&#8221;image_text&#8221;][\/vc_column_inner][vc_column_inner width=&#8221;1\/4&#8243;][\/vc_column_inner][\/vc_row_inner][vc_row_inner css=&#8221;.vc_custom_1552570751798{padding-right: 12% !important;padding-left: 12% !important;}&#8221;][vc_column_inner][vc_toggle title=&#8221;Opis produktu (rozwi\u0144\/zwi\u0144)&#8221; style=&#8221;simple&#8221; color=&#8221;green&#8221; size=&#8221;lg&#8221; css=&#8221;&#8221; el_id=&#8221;1552570724457-58c78926-e13e&#8221;]MDZ42 jest urz\u0105dzeniem umo\u017cliwiaj\u0105cym wydruk w czasie rzeczywistym zdarze\u0144 rejestrowanych w centrali AFS42.<br \/>\nModu\u0142 drukarki zewn\u0119trznej MDZ42 dzia\u0142a w pe\u0142ni automatycznie i nie wymaga bie\u017c\u0105cej obs\u0142ugi poza czynno\u015bciami pod\u0142\u0105czenia (RS485 od strony centraliAFS42 i zasilania 24V) oraz odpowiedniej konfiguracji centrali AFS42 (w\u0142\u0105czone MMX:03).[\/vc_toggle][vc_toggle title=&#8221;Budowa (rozwi\u0144\/zwi\u0144)&#8221; style=&#8221;simple&#8221; color=&#8221;green&#8221; size=&#8221;lg&#8221; css=&#8221;&#8221; el_id=&#8221;1552570757476-de8e9534-665f&#8221;]Urz\u0105dzenie MDZ42 jest wyposa\u017cone w elektroniczny uk\u0142ad mikroprocesorowy. Posiada wbudowany drukark\u0119 przystosowan\u0105 do drukowania na papierze termicznym o szeroko\u015bci 57mm o maksymalnej \u015brednicy rolki 39mm). Urz\u0105dzenie posiada z\u0142\u0105cze: (B A) &#8211; pod\u0142\u0105czenie linii komunikacyjnej RS485 do centrali AFS42, (+ -) &#8211; pod\u0142\u0105czenie zasilania 24V DC (np. z zacisk\u00f3w modu\u0142u zasilacza wewn\u0119trznego centrali AFS42).[\/vc_toggle][vc_toggle title=&#8221;Dane techniczne (rozwi\u0144\/zwi\u0144)&#8221; style=&#8221;simple&#8221; color=&#8221;green&#8221; size=&#8221;lg&#8221; css=&#8221;&#8221; el_id=&#8221;1552570784517-a489750b-c938&#8243;]<\/p>\n<div>\n<div>\n<div>\n<div>\n<div>\n<div>\n<div>\n<table style=\"width: 32.6791%;\" border=\"0\">\n<tbody>\n<tr>\n<td style=\"width: 42.7778%; text-align: left;\">Napi\u0119cie zasilania<\/td>\n<td style=\"width: 85.2778%; text-align: right;\" align=\"right\">24V DC<\/td>\n<\/tr>\n<tr>\n<td style=\"width: 42.7778%;\">Pob\u00f3r pr\u0105du<\/td>\n<td style=\"width: 85.2778%;\" align=\"right\">50 mA<br \/>\n(1.0A podczas drukowania)<\/td>\n<\/tr>\n<tr>\n<td style=\"width: 42.7778%;\">Papier:<\/td>\n<td style=\"width: 85.2778%; text-align: right;\">Termiczny,<br \/>\n57 mm szeroko\u015bci,<br \/>\nmax 39 mm \u015brednicy<\/td>\n<\/tr>\n<tr>\n<td style=\"width: 42.7778%;\">Temperatura pracy<\/td>\n<td style=\"width: 85.2778%;\" align=\"right\">5\u00b0C do +50\u00b0C<\/td>\n<\/tr>\n<tr>\n<td style=\"width: 42.7778%;\">Wilgotno\u015b\u0107 wzgl\u0119dna<\/td>\n<td style=\"width: 85.2778%;\" align=\"right\">80% przy 50\u00b0C<\/td>\n<\/tr>\n<tr>\n<td style=\"width: 42.7778%;\">Obudowa<\/td>\n<td style=\"width: 85.2778%;\" align=\"right\">tworzywo sztuczne ABS<br \/>\nw kolorze szarym\/ czarnym<\/td>\n<\/tr>\n<tr>\n<td style=\"width: 42.7778%;\">Wymiary<\/td>\n<td style=\"width: 85.2778%;\" align=\"right\">200 x 150 x 90 mm<\/td>\n<\/tr>\n<tr>\n<td style=\"width: 42.7778%; text-align: left;\">Waga<\/td>\n<td style=\"width: 85.2778%; text-align: right;\" align=\"right\">550g \u00b1 10g<\/td>\n<\/tr>\n<\/tbody>\n<\/table>\n<\/div>\n<\/div>\n<\/div>\n<\/div>\n<\/div>\n<\/div>\n<\/div>\n<p>[\/vc_toggle][vc_toggle title=&#8221;Pliki i dokumenty (rozwi\u0144\/zwi\u0144)&#8221; style=&#8221;simple&#8221; color=&#8221;green&#8221; size=&#8221;lg&#8221; css=&#8221;&#8221; el_id=&#8221;1552570805305-a6e9e556-f1b2&#8243;]<img decoding=\"async\" src=\"https:\/\/lep.pl\/wp-content\/uploads\/2017\/01\/ic_done.png\" width=\"20\" height=\"20\" \/> <a href=\"https:\/\/lep.pl\/files\/file\/PL\/KK\/42-mdz42-kk-240424.pdf\" target=\"_blank\" rel=\"noopener noreferrer\">MDZ42 &#8211; Modu\u0142 drukarki zewn\u0119trznej &#8211; karta katalogowa<\/a>[\/vc_toggle][\/vc_column_inner][\/vc_row_inner][\/vc_column][\/vc_row][vc_row content_placement=&#8221;top&#8221; css=&#8221;.vc_custom_1552570845451{background-position: center !important;background-repeat: no-repeat !important;background-size: cover !important;}&#8221;][vc_column][vc_row_inner css=&#8221;.vc_custom_1552570851192{padding-right: 12% !important;padding-left: 12% !important;}&#8221;][vc_column_inner width=&#8221;1\/4&#8243;][vc_column_text]<a href=\"mailto:biuro@lep.pl\">biuro@lep.pl<\/a>[\/vc_column_text][\/vc_column_inner][vc_column_inner width=&#8221;1\/4&#8243;][vc_column_text](32) 754 54 54<br \/>\n(32) 754 54 55[\/vc_column_text][\/vc_column_inner][vc_column_inner width=&#8221;1\/4&#8243;][vc_column_text]<a href=\"https:\/\/goo.gl\/maps\/2HeA81byii52\" target=\"_blank\" rel=\"noopener noreferrer\">Wsp\u00f3lna 9, <\/a><a href=\"https:\/\/goo.gl\/maps\/2HeA81byii52\">32-300, Olkusz<br \/>\n<\/a>NIP: 637-010-87-21[\/vc_column_text][\/vc_column_inner][vc_column_inner width=&#8221;1\/4&#8243;][\/vc_column_inner][\/vc_row_inner][\/vc_column][\/vc_row]<\/p>\n<\/div>","protected":false},"excerpt":{"rendered":"<p>[vc_row css=&#8221;.vc_custom_1552570670720{background-position: center !important;background-repeat: no-repeat !important;background-size: cover !important;}&#8221;][vc_column][vc_row_inner css=&#8221;.vc_custom_1552570680500{padding-top: 3% !important;padding-right: 12% !important;padding-left: 12% !important;}&#8221;][vc_column_inner width=&#8221;1\/2&#8243;][vc_column_text css=&#8221;&#8221;] MDZ42 modu\u0142 drukarki zewn\u0119trznej [\/vc_column_text][\/vc_column_inner][vc_column_inner width=&#8221;1\/4&#8243;][vc_single_image image=&#8221;3699&#8243; img_size=&#8221;large&#8221; alignment=&#8221;center&#8221; onclick=&#8221;link_image&#8221; css=&#8221;&#8221; title=&#8221;MDZ42&#8243; el_class=&#8221;image_text&#8221;][\/vc_column_inner][vc_column_inner width=&#8221;1\/4&#8243;][\/vc_column_inner][\/vc_row_inner][vc_row_inner css=&#8221;.vc_custom_1552570751798{padding-right: 12% !important;padding-left: 12% !important;}&#8221;][vc_column_inner][vc_toggle title=&#8221;Opis produktu (rozwi\u0144\/zwi\u0144)&#8221; style=&#8221;simple&#8221; color=&#8221;green&#8221; size=&#8221;lg&#8221; css=&#8221;&#8221; el_id=&#8221;1552570724457-58c78926-e13e&#8221;]MDZ42 jest urz\u0105dzeniem umo\u017cliwiaj\u0105cym wydruk w czasie rzeczywistym zdarze\u0144 rejestrowanych w centrali [&hellip;]<\/p>\n","protected":false},"author":5,"featured_media":0,"parent":381,"menu_order":0,"comment_status":"closed","ping_status":"closed","template":"page-full-width.php","meta":{"footnotes":""},"class_list":["post-3623","page","type-page","status-publish","hentry"],"yoast_head":"<!-- This site is optimized with the Yoast SEO plugin v27.3 - https:\/\/yoast.com\/product\/yoast-seo-wordpress\/ -->\n<title>MPW42 modu\u0142 panelu wyniesionego do systemu AFS42 | LEP - producent elektroniki ppo\u017c<\/title>\n<meta name=\"description\" content=\"MPW42 jest urz\u0105dzeniem umo\u017cliwiaj\u0105cym sterowanie i nadz\u00f3r pracy systemu AFS42 spoza miejsca instalacji centrali AFS42\" \/>\n<meta name=\"robots\" content=\"index, follow, max-snippet:-1, max-image-preview:large, max-video-preview:-1\" \/>\n<link rel=\"canonical\" href=\"https:\/\/lep.pl\/index.php\/witamy\/mpw42-2\/\" \/>\n<meta property=\"og:locale\" content=\"pl_PL\" \/>\n<meta property=\"og:type\" content=\"article\" \/>\n<meta property=\"og:title\" content=\"MPW42 modu\u0142 panelu wyniesionego do systemu AFS42 | LEP - producent elektroniki ppo\u017c\" \/>\n<meta property=\"og:description\" content=\"MPW42 jest urz\u0105dzeniem umo\u017cliwiaj\u0105cym sterowanie i nadz\u00f3r pracy systemu AFS42 spoza miejsca instalacji centrali AFS42\" \/>\n<meta property=\"og:url\" content=\"https:\/\/lep.pl\/index.php\/witamy\/mpw42-2\/\" \/>\n<meta property=\"og:site_name\" content=\"LEP\" \/>\n<meta property=\"article:modified_time\" content=\"2025-07-16T10:57:54+00:00\" \/>\n<meta property=\"og:image\" content=\"http:\/\/lep.pl\/wp-content\/uploads\/2017\/01\/ic_done.png\" \/>\n<meta name=\"twitter:card\" content=\"summary_large_image\" \/>\n<meta name=\"twitter:label1\" content=\"Szacowany czas czytania\" \/>\n\t<meta name=\"twitter:data1\" content=\"2 minuty\" \/>\n<script type=\"application\/ld+json\" class=\"yoast-schema-graph\">{\"@context\":\"https:\\\/\\\/schema.org\",\"@graph\":[{\"@type\":\"WebPage\",\"@id\":\"https:\\\/\\\/lep.pl\\\/index.php\\\/witamy\\\/mpw42-2\\\/\",\"url\":\"https:\\\/\\\/lep.pl\\\/index.php\\\/witamy\\\/mpw42-2\\\/\",\"name\":\"MPW42 modu\u0142 panelu wyniesionego do systemu AFS42 | LEP - producent elektroniki ppo\u017c\",\"isPartOf\":{\"@id\":\"https:\\\/\\\/lep.pl\\\/#website\"},\"primaryImageOfPage\":{\"@id\":\"https:\\\/\\\/lep.pl\\\/index.php\\\/witamy\\\/mpw42-2\\\/#primaryimage\"},\"image\":{\"@id\":\"https:\\\/\\\/lep.pl\\\/index.php\\\/witamy\\\/mpw42-2\\\/#primaryimage\"},\"thumbnailUrl\":\"http:\\\/\\\/lep.pl\\\/wp-content\\\/uploads\\\/2017\\\/01\\\/ic_done.png\",\"datePublished\":\"2024-11-12T10:44:14+00:00\",\"dateModified\":\"2025-07-16T10:57:54+00:00\",\"description\":\"MPW42 jest urz\u0105dzeniem umo\u017cliwiaj\u0105cym sterowanie i nadz\u00f3r pracy systemu AFS42 spoza miejsca instalacji centrali AFS42\",\"breadcrumb\":{\"@id\":\"https:\\\/\\\/lep.pl\\\/index.php\\\/witamy\\\/mpw42-2\\\/#breadcrumb\"},\"inLanguage\":\"pl-PL\",\"potentialAction\":[{\"@type\":\"ReadAction\",\"target\":[\"https:\\\/\\\/lep.pl\\\/index.php\\\/witamy\\\/mpw42-2\\\/\"]}]},{\"@type\":\"ImageObject\",\"inLanguage\":\"pl-PL\",\"@id\":\"https:\\\/\\\/lep.pl\\\/index.php\\\/witamy\\\/mpw42-2\\\/#primaryimage\",\"url\":\"http:\\\/\\\/lep.pl\\\/wp-content\\\/uploads\\\/2017\\\/01\\\/ic_done.png\",\"contentUrl\":\"http:\\\/\\\/lep.pl\\\/wp-content\\\/uploads\\\/2017\\\/01\\\/ic_done.png\"},{\"@type\":\"BreadcrumbList\",\"@id\":\"https:\\\/\\\/lep.pl\\\/index.php\\\/witamy\\\/mpw42-2\\\/#breadcrumb\",\"itemListElement\":[{\"@type\":\"ListItem\",\"position\":1,\"name\":\"Strona g\u0142\u00f3wna\",\"item\":\"https:\\\/\\\/lep.pl\\\/\"},{\"@type\":\"ListItem\",\"position\":2,\"name\":\"Witamy\",\"item\":\"https:\\\/\\\/lep.pl\\\/\"},{\"@type\":\"ListItem\",\"position\":3,\"name\":\"MDZ42 \u2013 modu\u0142 drukarki zewn\u0119trznej\"}]},{\"@type\":\"WebSite\",\"@id\":\"https:\\\/\\\/lep.pl\\\/#website\",\"url\":\"https:\\\/\\\/lep.pl\\\/\",\"name\":\"LEP\",\"description\":\"- centrale PPO\u017b, czujniki dymu i zasilacze\",\"publisher\":{\"@id\":\"https:\\\/\\\/lep.pl\\\/#organization\"},\"potentialAction\":[{\"@type\":\"SearchAction\",\"target\":{\"@type\":\"EntryPoint\",\"urlTemplate\":\"https:\\\/\\\/lep.pl\\\/?s={search_term_string}\"},\"query-input\":{\"@type\":\"PropertyValueSpecification\",\"valueRequired\":true,\"valueName\":\"search_term_string\"}}],\"inLanguage\":\"pl-PL\"},{\"@type\":\"Organization\",\"@id\":\"https:\\\/\\\/lep.pl\\\/#organization\",\"name\":\"Lep\",\"url\":\"https:\\\/\\\/lep.pl\\\/\",\"logo\":{\"@type\":\"ImageObject\",\"inLanguage\":\"pl-PL\",\"@id\":\"https:\\\/\\\/lep.pl\\\/#\\\/schema\\\/logo\\\/image\\\/\",\"url\":\"https:\\\/\\\/lep.pl\\\/wp-content\\\/uploads\\\/2017\\\/04\\\/logo@1x.png\",\"contentUrl\":\"https:\\\/\\\/lep.pl\\\/wp-content\\\/uploads\\\/2017\\\/04\\\/logo@1x.png\",\"width\":400,\"height\":54,\"caption\":\"Lep\"},\"image\":{\"@id\":\"https:\\\/\\\/lep.pl\\\/#\\\/schema\\\/logo\\\/image\\\/\"}}]}<\/script>\n<!-- \/ Yoast SEO plugin. -->","yoast_head_json":{"title":"MPW42 modu\u0142 panelu wyniesionego do systemu AFS42 | LEP - producent elektroniki ppo\u017c","description":"MPW42 jest urz\u0105dzeniem umo\u017cliwiaj\u0105cym sterowanie i nadz\u00f3r pracy systemu AFS42 spoza miejsca instalacji centrali AFS42","robots":{"index":"index","follow":"follow","max-snippet":"max-snippet:-1","max-image-preview":"max-image-preview:large","max-video-preview":"max-video-preview:-1"},"canonical":"https:\/\/lep.pl\/index.php\/witamy\/mpw42-2\/","og_locale":"pl_PL","og_type":"article","og_title":"MPW42 modu\u0142 panelu wyniesionego do systemu AFS42 | LEP - producent elektroniki ppo\u017c","og_description":"MPW42 jest urz\u0105dzeniem umo\u017cliwiaj\u0105cym sterowanie i nadz\u00f3r pracy systemu AFS42 spoza miejsca instalacji centrali AFS42","og_url":"https:\/\/lep.pl\/index.php\/witamy\/mpw42-2\/","og_site_name":"LEP","article_modified_time":"2025-07-16T10:57:54+00:00","og_image":[{"url":"http:\/\/lep.pl\/wp-content\/uploads\/2017\/01\/ic_done.png","type":"","width":"","height":""}],"twitter_card":"summary_large_image","twitter_misc":{"Szacowany czas czytania":"2 minuty"},"schema":{"@context":"https:\/\/schema.org","@graph":[{"@type":"WebPage","@id":"https:\/\/lep.pl\/index.php\/witamy\/mpw42-2\/","url":"https:\/\/lep.pl\/index.php\/witamy\/mpw42-2\/","name":"MPW42 modu\u0142 panelu wyniesionego do systemu AFS42 | LEP - producent elektroniki ppo\u017c","isPartOf":{"@id":"https:\/\/lep.pl\/#website"},"primaryImageOfPage":{"@id":"https:\/\/lep.pl\/index.php\/witamy\/mpw42-2\/#primaryimage"},"image":{"@id":"https:\/\/lep.pl\/index.php\/witamy\/mpw42-2\/#primaryimage"},"thumbnailUrl":"http:\/\/lep.pl\/wp-content\/uploads\/2017\/01\/ic_done.png","datePublished":"2024-11-12T10:44:14+00:00","dateModified":"2025-07-16T10:57:54+00:00","description":"MPW42 jest urz\u0105dzeniem umo\u017cliwiaj\u0105cym sterowanie i nadz\u00f3r pracy systemu AFS42 spoza miejsca instalacji centrali AFS42","breadcrumb":{"@id":"https:\/\/lep.pl\/index.php\/witamy\/mpw42-2\/#breadcrumb"},"inLanguage":"pl-PL","potentialAction":[{"@type":"ReadAction","target":["https:\/\/lep.pl\/index.php\/witamy\/mpw42-2\/"]}]},{"@type":"ImageObject","inLanguage":"pl-PL","@id":"https:\/\/lep.pl\/index.php\/witamy\/mpw42-2\/#primaryimage","url":"http:\/\/lep.pl\/wp-content\/uploads\/2017\/01\/ic_done.png","contentUrl":"http:\/\/lep.pl\/wp-content\/uploads\/2017\/01\/ic_done.png"},{"@type":"BreadcrumbList","@id":"https:\/\/lep.pl\/index.php\/witamy\/mpw42-2\/#breadcrumb","itemListElement":[{"@type":"ListItem","position":1,"name":"Strona g\u0142\u00f3wna","item":"https:\/\/lep.pl\/"},{"@type":"ListItem","position":2,"name":"Witamy","item":"https:\/\/lep.pl\/"},{"@type":"ListItem","position":3,"name":"MDZ42 \u2013 modu\u0142 drukarki zewn\u0119trznej"}]},{"@type":"WebSite","@id":"https:\/\/lep.pl\/#website","url":"https:\/\/lep.pl\/","name":"LEP","description":"- centrale PPO\u017b, czujniki dymu i zasilacze","publisher":{"@id":"https:\/\/lep.pl\/#organization"},"potentialAction":[{"@type":"SearchAction","target":{"@type":"EntryPoint","urlTemplate":"https:\/\/lep.pl\/?s={search_term_string}"},"query-input":{"@type":"PropertyValueSpecification","valueRequired":true,"valueName":"search_term_string"}}],"inLanguage":"pl-PL"},{"@type":"Organization","@id":"https:\/\/lep.pl\/#organization","name":"Lep","url":"https:\/\/lep.pl\/","logo":{"@type":"ImageObject","inLanguage":"pl-PL","@id":"https:\/\/lep.pl\/#\/schema\/logo\/image\/","url":"https:\/\/lep.pl\/wp-content\/uploads\/2017\/04\/logo@1x.png","contentUrl":"https:\/\/lep.pl\/wp-content\/uploads\/2017\/04\/logo@1x.png","width":400,"height":54,"caption":"Lep"},"image":{"@id":"https:\/\/lep.pl\/#\/schema\/logo\/image\/"}}]}},"_links":{"self":[{"href":"https:\/\/lep.pl\/index.php\/wp-json\/wp\/v2\/pages\/3623","targetHints":{"allow":["GET"]}}],"collection":[{"href":"https:\/\/lep.pl\/index.php\/wp-json\/wp\/v2\/pages"}],"about":[{"href":"https:\/\/lep.pl\/index.php\/wp-json\/wp\/v2\/types\/page"}],"author":[{"embeddable":true,"href":"https:\/\/lep.pl\/index.php\/wp-json\/wp\/v2\/users\/5"}],"replies":[{"embeddable":true,"href":"https:\/\/lep.pl\/index.php\/wp-json\/wp\/v2\/comments?post=3623"}],"version-history":[{"count":8,"href":"https:\/\/lep.pl\/index.php\/wp-json\/wp\/v2\/pages\/3623\/revisions"}],"predecessor-version":[{"id":3625,"href":"https:\/\/lep.pl\/index.php\/wp-json\/wp\/v2\/pages\/3623\/revisions\/3625"}],"up":[{"embeddable":true,"href":"https:\/\/lep.pl\/index.php\/wp-json\/wp\/v2\/pages\/381"}],"wp:attachment":[{"href":"https:\/\/lep.pl\/index.php\/wp-json\/wp\/v2\/media?parent=3623"}],"curies":[{"name":"wp","href":"https:\/\/api.w.org\/{rel}","templated":true}]}}