{"id":3253,"date":"2022-10-13T10:23:40","date_gmt":"2022-10-13T10:23:40","guid":{"rendered":"https:\/\/lep.pl\/?page_id=3253"},"modified":"2023-01-03T13:33:51","modified_gmt":"2023-01-03T13:33:51","slug":"osd63-multisensor-detector","status":"publish","type":"page","link":"https:\/\/lep.pl\/index.php\/en\/welcome\/osd63-multisensor-detector\/","title":{"rendered":"OSD63 multisensor detector"},"content":{"rendered":"<div class=\"wpb-content-wrapper\"><p>[vc_row css=&#8221;.vc_custom_1552397579746{background-position: center !important;background-repeat: no-repeat !important;background-size: cover !important;}&#8221;][vc_column][vc_row_inner css=&#8221;.vc_custom_1552397585454{padding-top: 3% !important;padding-right: 12% !important;padding-left: 12% !important;}&#8221;][vc_column_inner width=&#8221;1\/2&#8243;][vc_column_text]<\/p>\n<h1><strong>OSD63<\/strong><br \/>\nmultisensor detector<\/h1>\n<h1>(optical-temperature)<\/h1>\n<p><span style=\"font-size: 14pt;\">[\/vc_column_text][\/vc_column_inner][vc_column_inner width=&#8221;1\/4&#8243;][vc_single_image image=&#8221;2749&#8243; img_size=&#8221;large&#8221; alignment=&#8221;center&#8221; onclick=&#8221;link_image&#8221; title=&#8221;OSD63&#8243; el_class=&#8221;image_text&#8221;][\/vc_column_inner][vc_column_inner width=&#8221;1\/4&#8243;][vc_single_image image=&#8221;2755&#8243; img_size=&#8221;large&#8221; alignment=&#8221;center&#8221; onclick=&#8221;link_image&#8221; title=&#8221;OSD63&#8243; el_class=&#8221;image_text&#8221;][\/vc_column_inner][\/vc_row_inner][vc_row_inner css=&#8221;.vc_custom_1485607271454{padding-right: 12% !important;padding-left: 12% !important;}&#8221;][vc_column_inner][vc_toggle title=&#8221;Product description (expand\/collapse)&#8221; style=&#8221;simple&#8221; color=&#8221;green&#8221; size=&#8221;lg&#8221; el_id=&#8221;1552396687658-9b811ded-dbc4&#8243;]The OSD63 multisensor (optical and temperature) detector works in the detection lines of fire and burglar alarm control panels. It is designed to detect temperature changes in the air caused by fire and to detect smoke, which is a product of combustion or glowing of typical materials that make up construction elements or interior furnishings. The OSD63 detector is adapted to work in closed rooms, in which smoke and dust do not occur under normal conditions.[\/vc_toggle][vc_toggle title=&#8221;The principle of operation (expand\/collapse)&#8221; style=&#8221;simple&#8221; color=&#8221;green&#8221; size=&#8221;lg&#8221; el_id=&#8221;1552396755191-00acc4e0-f6eb&#8221;]The electronic system of the detector ensures proper functioning of the measurement and logic system in a wide range of voltages in the detection line (from 12V to 28V) without changing the measurement parameters. The smoke density measurement process consists in detecting the light reflected from the smoke particles, which enters the measuring chamber through the slots in the basket and openings in a special optical labyrinth, which also prevents light and insects from getting inside. Such construction of the measuring chamber is intended to make the OSD63 detector immune to external light, insects and accidental irrelevant streaks of smoke, e.g. cigarette smoke.<\/span><br \/>\n<span style=\"font-size: 14pt;\">The detector&#8217;s logic will not put the detector into alarm if the smoke threshold is exceeded only once. Disabling the detector from the alarm state is possible after completely blowing the detector and lowering the power supply below 1V for a minimum of 1sec. Selection of the measuring beam wavelength, beam geometry and the angle between the axes of the optical elements determine the particular suitability of the detector for detecting large-sized smoke particles, characteristic of low-energy fires &#8211; i.e. smoldering and glowing of materials in the initial phase of fire formation.<\/span><br \/>\n<span style=\"font-size: 14pt;\">Elements for detecting temperature changes in the vicinity of the OSD63 detector (2 detectors) operate in the differential-excessive system &#8211; they identify a significant increase in temperature and\/or exceeding the temperature limit value. Each detector is individually tested and calibrated to the desired smoke and temperature threshold. The sensitivity of each detector is set in a special smoke chamber while maintaining repeatable conditions of temperature, humidity and smoke.<\/span><\/p>\n<p><span style=\"font-size: 14pt;\">[\/vc_toggle][vc_toggle title=&#8221;Construction (expand\/collapse)&#8221; style=&#8221;simple&#8221; color=&#8221;green&#8221; size=&#8221;lg&#8221; el_id=&#8221;1552396806792-1da8b936-dee2&#8243;]The detector consists of several plastic elements that can be disassembled without the use of special tools. This is to facilitate possible servicing (vacuuming, washing of elements) in the case of heavily soiled rooms where the autocompensation algorithm has exhausted its adaptability.<\/span><br \/>\n<span style=\"font-size: 14pt;\">An integral part of each detector is the GN63 base. They have been designed with maximum simplification and shortening of the time needed to activate the detector in a given system in mind. Connecting the wires to the socket consists in inserting the insulated terminal into the side hole of the insert (according to the description on the socket). The connection takes place without the use of tools (e.g. screwdriver) and can be done with one hand. The socket has two mounting holes spaced 65\u00f775mm.<\/span><\/p>\n<p>&nbsp;<\/p>\n<p>&nbsp;<\/p>\n<div style=\"width: 210px\" class=\"wp-caption aligncenter\"><img decoding=\"async\" src=\"https:\/\/lep.pl\/wp-content\/uploads\/2017\/01\/dongle_usb_osd63-413x294.jpg\" alt=\"\" width=\"200\" height=\"142\" \/><p class=\"wp-caption-text\">USB dongle OSD63<\/p><\/div>\n<p>&nbsp;<\/p>\n<div style=\"width: 210px\" class=\"wp-caption aligncenter\"><img decoding=\"async\" src=\"https:\/\/lep.pl\/wp-content\/uploads\/2017\/01\/gn63_cut-300x294.jpg\" alt=\"\" width=\"200\" height=\"142\" \/><p class=\"wp-caption-text\">OSD63 base<\/p><\/div>\n<p>&nbsp;<\/p>\n<div style=\"width: 210px\" class=\"wp-caption aligncenter\"><img decoding=\"async\" src=\"https:\/\/lep.pl\/wp-content\/uploads\/2018\/12\/osd63_konfigurator_v5-277x300.jpg\" alt=\"Configuration program\" width=\"200\" height=\"142\" \/><p class=\"wp-caption-text\">Configuration program<\/p><\/div>\n<h2 class=\"wpb_heading wpb_singleimage_heading\"><\/h2>\n<p>&nbsp;<\/p>\n<div style=\"width: 291px\" class=\"wp-caption aligncenter\"><img loading=\"lazy\" decoding=\"async\" src=\"https:\/\/lep.pl\/wp-content\/uploads\/2018\/12\/osd63dust32v4-281x300.jpg\" alt=\"\" width=\"281\" height=\"300\" \/><p class=\"wp-caption-text\">Dirt reading<\/p><\/div>\n<p>[\/vc_toggle][vc_toggle title=&#8221;Device capabilities (expand\/collapse)&#8221; style=&#8221;simple&#8221; color=&#8221;green&#8221; size=&#8221;lg&#8221; el_id=&#8221;1552397429926-0f2717b0-04fd&#8221;]Thanks to the use of an advanced, energy-saving microcontroller in the OSD63 detector, it was possible to equip it with an extensive detection and control algorithm. This allows the following functionalities to be implemented in the OSD63 detector:<\/p>\n<ul>\n<li>Enable\/disable optical detectors (heat detector)<\/li>\n<li>Enable\/disable thermal detectors (optical detector)<\/li>\n<li>Enable\/disable the dirt autocompensation algorithm<\/li>\n<li>Selection of the operating mode of the external operation indicator (NC\/NO)<\/li>\n<li>Permanent additional current consumption (+10mA, +20mA)<\/li>\n<li>Possibility of operating an external conventional call point button (manual call point) with a separate AFS52 address and selection of response and alarm thresholds<\/li>\n<li>Select the alarm mode\n<ul>\n<li>snap<\/li>\n<li>erasable<\/li>\n<li>conjunction<\/li>\n<li>AR mode (auto reset 1s\/6s)<\/li>\n<\/ul>\n<\/li>\n<\/ul>\n<ul>\n<li>Support built-in relay (NC\/NO mode selection)<\/li>\n<li>Additional alarm currents (+10mA, +20mA) over standard 20mA<\/li>\n<li>Address configuration (AFS42, AFS42 ROP, WK address)<\/li>\n<li>LED signaling options (possibility to enable and disable each option independently)\n<ul>\n<li>surveillance signaling<\/li>\n<li>contamination indicator<\/li>\n<li>indication of damage (or critical contamination)<\/li>\n<li>alarm source differentiation (smoke\/heat)<\/li>\n<li>constant alarm current when the option to distinguish the source of the alarm is selected<\/li>\n<\/ul>\n<\/li>\n<\/ul>\n<ul>\n<li>Possibility to read the detector contamination status<\/li>\n<li>Support of communication through various intermediary devices\n<ul>\n<li>USB dongles OSD63 (5V)<\/li>\n<li>power dongle USB\u00a0OSD63 (24V)<\/li>\n<li>AFS42 control panel and MCU42 module<\/li>\n<\/ul>\n<\/li>\n<\/ul>\n<p>[\/vc_toggle][vc_toggle title=&#8221;Technical data (expand\/collapse)&#8221; style=&#8221;simple&#8221; color=&#8221;green&#8221; size=&#8221;lg&#8221; el_id=&#8221;1552397462975-4c64fa49-5b4b&#8221;]<\/p>\n<table style=\"width: 69.3703%;\" border=\"0\">\n<tbody>\n<tr>\n<td style=\"width: 28.8653%;\">Norm<\/td>\n<td style=\"width: 70.0403%;\" align=\"right\">PN-EN 54-5:2000 + A1:2002, PN-EN 54-7:2000 + A1:2002 + A2:2006<\/td>\n<\/tr>\n<tr>\n<td style=\"width: 28.8653%;\">Detector class<\/td>\n<td style=\"width: 70.0403%;\" align=\"right\">A1R<\/td>\n<\/tr>\n<tr>\n<td style=\"width: 28.8653%;\">Certificate<\/td>\n<td style=\"width: 70.0403%;\" align=\"right\">nr 1438\/CPR\/0452,CNBOP-PIB<\/td>\n<\/tr>\n<tr>\n<td style=\"width: 28.8653%;\">Supervision voltage<\/td>\n<td style=\"width: 70.0403%;\" align=\"right\">20V (12V &#8211; 28V)<\/td>\n<\/tr>\n<tr>\n<td style=\"width: 28.8653%;\">Supervision current<\/td>\n<td style=\"width: 70.0403%;\" align=\"right\">35 \u03bcA<\/td>\n<\/tr>\n<tr>\n<td style=\"width: 28.8653%;\">alarm current<\/td>\n<td style=\"width: 70.0403%;\" align=\"right\">according to the chart<\/td>\n<\/tr>\n<tr>\n<td style=\"width: 28.8653%;\">Optical indicators<\/td>\n<td style=\"width: 70.0403%;\" align=\"right\">2 items red LED<\/td>\n<\/tr>\n<tr>\n<td style=\"width: 28.8653%;\">Operating temperature range<\/td>\n<td style=\"width: 70.0403%;\" align=\"right\">-25\u00b0C to +70\u00b0C<\/td>\n<\/tr>\n<tr>\n<td style=\"width: 28.8653%;\">Static response temperature<\/td>\n<td style=\"width: 70.0403%;\" align=\"right\">+54\u00b0C to +65\u00b0C<\/td>\n<\/tr>\n<tr>\n<td style=\"width: 28.8653%;\">Storage temperature range<\/td>\n<td style=\"width: 70.0403%;\" align=\"right\">-30\u00b0C to +60\u00b0C<\/td>\n<\/tr>\n<tr>\n<td style=\"width: 28.8653%;\">Relative humidity<\/td>\n<td style=\"width: 70.0403%;\" align=\"right\">95% at 40\u00b0C<\/td>\n<\/tr>\n<tr>\n<td style=\"width: 28.8653%;\">Spacing of mounting holes<\/td>\n<td style=\"width: 70.0403%; text-align: right;\">65 \u00f7 75 mm<\/td>\n<\/tr>\n<tr>\n<td style=\"width: 28.8653%;\">Detector weight<\/td>\n<td style=\"width: 70.0403%;\" align=\"right\">140g (\u00b1 5g)<\/td>\n<\/tr>\n<tr>\n<td style=\"width: 28.8653%;\">Dimensions<\/td>\n<td style=\"width: 70.0403%;\" align=\"right\">49\/109 mm<\/td>\n<\/tr>\n<\/tbody>\n<\/table>\n<p>[\/vc_toggle][vc_toggle title=&#8221;Files and documents (expand\/collapse)&#8221; style=&#8221;simple&#8221; color=&#8221;green&#8221; size=&#8221;lg&#8221; el_id=&#8221;1552397488414-6255cc62-1341&#8243;]<\/p>\n<ol>\n<li><img loading=\"lazy\" decoding=\"async\" src=\"https:\/\/lep.pl\/wp-content\/uploads\/2017\/01\/ic_done.png\" width=\"20\" height=\"20\" \/> <a href=\"https:\/\/lep.pl\/files\/file\/PL\/KK\/63-osd63-kk-170601.pdf\"> OSD63 &#8211; karta katalogowa<\/a><\/li>\n<li><img loading=\"lazy\" decoding=\"async\" src=\"https:\/\/lep.pl\/wp-content\/uploads\/2017\/01\/ic_done.png\" width=\"20\" height=\"20\" \/> <a href=\"https:\/\/lep.pl\/files\/file\/PL\/IO\/63-osd63-iot-200311.pdf\"> OSD63 &#8211; instrukcja obs\u0142ugi, informacja techniczna<\/a><\/li>\n<li><img loading=\"lazy\" decoding=\"async\" src=\"https:\/\/lep.pl\/wp-content\/uploads\/2017\/01\/ic_done.png\" width=\"20\" height=\"20\" \/> <a href=\"https:\/\/lep.pl\/files\/file\/PL\/PR\/osd63_konfigurator_v14.exe\"> OSD63 konfigurator v 14 \u2013 program konfiguracyjny czujki dymu i ciep\u0142a OSD63<\/a><\/li>\n<li><img loading=\"lazy\" decoding=\"async\" src=\"https:\/\/lep.pl\/wp-content\/uploads\/2017\/01\/ic_done.png\" width=\"20\" height=\"20\" \/> <a href=\"https:\/\/lep.pl\/files\/file\/PL\/PR\/osd63dust32_v4.exe\"> OSD63 dust32 v 4 \u2013 program do odczytu zabrudzenia czujki OSD63<\/a><\/li>\n<li><img loading=\"lazy\" decoding=\"async\" src=\"https:\/\/lep.pl\/wp-content\/uploads\/2017\/01\/ic_done.png\" width=\"20\" height=\"20\" \/> <a href=\"https:\/\/lep.pl\/files\/file\/PL\/CE\/osd63_certyfikat_cpr_160223.pdf\"> OSD63 &#8211; Certyfikat sta\u0142o\u015bci w\u0142a\u015bciwo\u015bci u\u017cytkowych<\/a><\/li>\n<\/ol>\n<p>[\/vc_toggle][\/vc_column_inner][\/vc_row_inner][\/vc_column][\/vc_row][vc_row content_placement=&#8221;top&#8221; css=&#8221;.vc_custom_1552397610184{background-position: center !important;background-repeat: no-repeat !important;background-size: cover !important;}&#8221;][vc_column][vc_row_inner css=&#8221;.vc_custom_1552397616151{padding-right: 12% !important;padding-left: 12% !important;}&#8221;][vc_column_inner width=&#8221;1\/4&#8243;][vc_column_text]<a href=\"mailto:biuro@lep.pl\">biuro@lep.pl<\/a>[\/vc_column_text][\/vc_column_inner][vc_column_inner width=&#8221;1\/4&#8243;][vc_column_text](32) 754 54 54<br \/>\n(32) 754 54 55[\/vc_column_text][\/vc_column_inner][vc_column_inner width=&#8221;1\/4&#8243;][vc_column_text]<a href=\"https:\/\/goo.gl\/maps\/2HeA81byii52\" target=\"_blank\" rel=\"noopener noreferrer\">Wsp\u00f3lna 9, <\/a><a href=\"https:\/\/goo.gl\/maps\/2HeA81byii52\">32-300, Olkusz<br \/>\n<\/a>NIP: 637-010-87-21[\/vc_column_text][\/vc_column_inner][vc_column_inner width=&#8221;1\/4&#8243;][\/vc_column_inner][\/vc_row_inner][\/vc_column][\/vc_row]<\/p>\n<\/div>","protected":false},"excerpt":{"rendered":"<p>[vc_row css=&#8221;.vc_custom_1552397579746{background-position: center !important;background-repeat: no-repeat !important;background-size: cover !important;}&#8221;][vc_column][vc_row_inner css=&#8221;.vc_custom_1552397585454{padding-top: 3% !important;padding-right: 12% !important;padding-left: 12% !important;}&#8221;][vc_column_inner width=&#8221;1\/2&#8243;][vc_column_text] OSD63 multisensor detector (optical-temperature) [\/vc_column_text][\/vc_column_inner][vc_column_inner width=&#8221;1\/4&#8243;][vc_single_image image=&#8221;2749&#8243; img_size=&#8221;large&#8221; alignment=&#8221;center&#8221; onclick=&#8221;link_image&#8221; title=&#8221;OSD63&#8243; el_class=&#8221;image_text&#8221;][\/vc_column_inner][vc_column_inner width=&#8221;1\/4&#8243;][vc_single_image image=&#8221;2755&#8243; img_size=&#8221;large&#8221; alignment=&#8221;center&#8221; onclick=&#8221;link_image&#8221; title=&#8221;OSD63&#8243; el_class=&#8221;image_text&#8221;][\/vc_column_inner][\/vc_row_inner][vc_row_inner css=&#8221;.vc_custom_1485607271454{padding-right: 12% !important;padding-left: 12% !important;}&#8221;][vc_column_inner][vc_toggle title=&#8221;Product description (expand\/collapse)&#8221; style=&#8221;simple&#8221; color=&#8221;green&#8221; size=&#8221;lg&#8221; el_id=&#8221;1552396687658-9b811ded-dbc4&#8243;]The OSD63 multisensor (optical and temperature) detector works in [&hellip;]<\/p>\n","protected":false},"author":5,"featured_media":0,"parent":3129,"menu_order":0,"comment_status":"closed","ping_status":"closed","template":"page-full-width.php","meta":{"footnotes":""},"class_list":["post-3253","page","type-page","status-publish","hentry"],"yoast_head":"<!-- This site is optimized with the Yoast SEO plugin v27.3 - https:\/\/yoast.com\/product\/yoast-seo-wordpress\/ -->\n<title>Czujka multisensorowa OSD63 | LEP - producent elektroniki ppo\u017c<\/title>\n<meta name=\"description\" content=\"Czujka multisensorowa OSD63 (optyczno-temperaturowa) OSD63 pracuje w liniach dozorowych central sygnalizacji po\u017carowej oraz w\u0142amaniowej.\" \/>\n<meta name=\"robots\" content=\"index, follow, max-snippet:-1, max-image-preview:large, max-video-preview:-1\" \/>\n<link rel=\"canonical\" href=\"https:\/\/lep.pl\/index.php\/en\/welcome\/osd63-multisensor-detector\/\" \/>\n<meta property=\"og:locale\" content=\"pl_PL\" \/>\n<meta property=\"og:type\" content=\"article\" \/>\n<meta property=\"og:title\" content=\"Czujka multisensorowa OSD63 | LEP - producent elektroniki ppo\u017c\" \/>\n<meta property=\"og:description\" content=\"Czujka multisensorowa OSD63 (optyczno-temperaturowa) OSD63 pracuje w liniach dozorowych central sygnalizacji po\u017carowej oraz w\u0142amaniowej.\" \/>\n<meta property=\"og:url\" content=\"https:\/\/lep.pl\/index.php\/en\/welcome\/osd63-multisensor-detector\/\" \/>\n<meta property=\"og:site_name\" content=\"LEP\" \/>\n<meta property=\"article:modified_time\" content=\"2023-01-03T13:33:51+00:00\" \/>\n<meta property=\"og:image\" content=\"http:\/\/lep.pl\/wp-content\/uploads\/2017\/01\/dongle_usb_osd63-413x294.jpg\" \/>\n<meta name=\"twitter:card\" content=\"summary_large_image\" \/>\n<meta name=\"twitter:label1\" content=\"Szacowany czas czytania\" \/>\n\t<meta name=\"twitter:data1\" content=\"8 minut\" \/>\n<script type=\"application\/ld+json\" class=\"yoast-schema-graph\">{\"@context\":\"https:\\\/\\\/schema.org\",\"@graph\":[{\"@type\":\"WebPage\",\"@id\":\"https:\\\/\\\/lep.pl\\\/index.php\\\/en\\\/welcome\\\/osd63-multisensor-detector\\\/\",\"url\":\"https:\\\/\\\/lep.pl\\\/index.php\\\/en\\\/welcome\\\/osd63-multisensor-detector\\\/\",\"name\":\"Czujka multisensorowa OSD63 | LEP - producent elektroniki ppo\u017c\",\"isPartOf\":{\"@id\":\"https:\\\/\\\/lep.pl\\\/#website\"},\"primaryImageOfPage\":{\"@id\":\"https:\\\/\\\/lep.pl\\\/index.php\\\/en\\\/welcome\\\/osd63-multisensor-detector\\\/#primaryimage\"},\"image\":{\"@id\":\"https:\\\/\\\/lep.pl\\\/index.php\\\/en\\\/welcome\\\/osd63-multisensor-detector\\\/#primaryimage\"},\"thumbnailUrl\":\"http:\\\/\\\/lep.pl\\\/wp-content\\\/uploads\\\/2017\\\/01\\\/dongle_usb_osd63-413x294.jpg\",\"datePublished\":\"2022-10-13T10:23:40+00:00\",\"dateModified\":\"2023-01-03T13:33:51+00:00\",\"description\":\"Czujka multisensorowa OSD63 (optyczno-temperaturowa) OSD63 pracuje w liniach dozorowych central sygnalizacji po\u017carowej oraz w\u0142amaniowej.\",\"breadcrumb\":{\"@id\":\"https:\\\/\\\/lep.pl\\\/index.php\\\/en\\\/welcome\\\/osd63-multisensor-detector\\\/#breadcrumb\"},\"inLanguage\":\"pl-PL\",\"potentialAction\":[{\"@type\":\"ReadAction\",\"target\":[\"https:\\\/\\\/lep.pl\\\/index.php\\\/en\\\/welcome\\\/osd63-multisensor-detector\\\/\"]}]},{\"@type\":\"ImageObject\",\"inLanguage\":\"pl-PL\",\"@id\":\"https:\\\/\\\/lep.pl\\\/index.php\\\/en\\\/welcome\\\/osd63-multisensor-detector\\\/#primaryimage\",\"url\":\"http:\\\/\\\/lep.pl\\\/wp-content\\\/uploads\\\/2017\\\/01\\\/dongle_usb_osd63-413x294.jpg\",\"contentUrl\":\"http:\\\/\\\/lep.pl\\\/wp-content\\\/uploads\\\/2017\\\/01\\\/dongle_usb_osd63-413x294.jpg\"},{\"@type\":\"BreadcrumbList\",\"@id\":\"https:\\\/\\\/lep.pl\\\/index.php\\\/en\\\/welcome\\\/osd63-multisensor-detector\\\/#breadcrumb\",\"itemListElement\":[{\"@type\":\"ListItem\",\"position\":1,\"name\":\"Strona g\u0142\u00f3wna\",\"item\":\"https:\\\/\\\/lep.pl\\\/\"},{\"@type\":\"ListItem\",\"position\":2,\"name\":\"Welcome\",\"item\":\"https:\\\/\\\/lep.pl\\\/index.php\\\/en\\\/welcome\\\/\"},{\"@type\":\"ListItem\",\"position\":3,\"name\":\"OSD63 multisensor detector\"}]},{\"@type\":\"WebSite\",\"@id\":\"https:\\\/\\\/lep.pl\\\/#website\",\"url\":\"https:\\\/\\\/lep.pl\\\/\",\"name\":\"LEP\",\"description\":\"- centrale PPO\u017b, czujniki dymu i zasilacze\",\"publisher\":{\"@id\":\"https:\\\/\\\/lep.pl\\\/#organization\"},\"potentialAction\":[{\"@type\":\"SearchAction\",\"target\":{\"@type\":\"EntryPoint\",\"urlTemplate\":\"https:\\\/\\\/lep.pl\\\/?s={search_term_string}\"},\"query-input\":{\"@type\":\"PropertyValueSpecification\",\"valueRequired\":true,\"valueName\":\"search_term_string\"}}],\"inLanguage\":\"pl-PL\"},{\"@type\":\"Organization\",\"@id\":\"https:\\\/\\\/lep.pl\\\/#organization\",\"name\":\"Lep\",\"url\":\"https:\\\/\\\/lep.pl\\\/\",\"logo\":{\"@type\":\"ImageObject\",\"inLanguage\":\"pl-PL\",\"@id\":\"https:\\\/\\\/lep.pl\\\/#\\\/schema\\\/logo\\\/image\\\/\",\"url\":\"https:\\\/\\\/lep.pl\\\/wp-content\\\/uploads\\\/2017\\\/04\\\/logo@1x.png\",\"contentUrl\":\"https:\\\/\\\/lep.pl\\\/wp-content\\\/uploads\\\/2017\\\/04\\\/logo@1x.png\",\"width\":400,\"height\":54,\"caption\":\"Lep\"},\"image\":{\"@id\":\"https:\\\/\\\/lep.pl\\\/#\\\/schema\\\/logo\\\/image\\\/\"}}]}<\/script>\n<!-- \/ Yoast SEO plugin. -->","yoast_head_json":{"title":"Czujka multisensorowa OSD63 | LEP - producent elektroniki ppo\u017c","description":"Czujka multisensorowa OSD63 (optyczno-temperaturowa) OSD63 pracuje w liniach dozorowych central sygnalizacji po\u017carowej oraz w\u0142amaniowej.","robots":{"index":"index","follow":"follow","max-snippet":"max-snippet:-1","max-image-preview":"max-image-preview:large","max-video-preview":"max-video-preview:-1"},"canonical":"https:\/\/lep.pl\/index.php\/en\/welcome\/osd63-multisensor-detector\/","og_locale":"pl_PL","og_type":"article","og_title":"Czujka multisensorowa OSD63 | LEP - producent elektroniki ppo\u017c","og_description":"Czujka multisensorowa OSD63 (optyczno-temperaturowa) OSD63 pracuje w liniach dozorowych central sygnalizacji po\u017carowej oraz w\u0142amaniowej.","og_url":"https:\/\/lep.pl\/index.php\/en\/welcome\/osd63-multisensor-detector\/","og_site_name":"LEP","article_modified_time":"2023-01-03T13:33:51+00:00","og_image":[{"url":"http:\/\/lep.pl\/wp-content\/uploads\/2017\/01\/dongle_usb_osd63-413x294.jpg","type":"","width":"","height":""}],"twitter_card":"summary_large_image","twitter_misc":{"Szacowany czas czytania":"8 minut"},"schema":{"@context":"https:\/\/schema.org","@graph":[{"@type":"WebPage","@id":"https:\/\/lep.pl\/index.php\/en\/welcome\/osd63-multisensor-detector\/","url":"https:\/\/lep.pl\/index.php\/en\/welcome\/osd63-multisensor-detector\/","name":"Czujka multisensorowa OSD63 | LEP - producent elektroniki ppo\u017c","isPartOf":{"@id":"https:\/\/lep.pl\/#website"},"primaryImageOfPage":{"@id":"https:\/\/lep.pl\/index.php\/en\/welcome\/osd63-multisensor-detector\/#primaryimage"},"image":{"@id":"https:\/\/lep.pl\/index.php\/en\/welcome\/osd63-multisensor-detector\/#primaryimage"},"thumbnailUrl":"http:\/\/lep.pl\/wp-content\/uploads\/2017\/01\/dongle_usb_osd63-413x294.jpg","datePublished":"2022-10-13T10:23:40+00:00","dateModified":"2023-01-03T13:33:51+00:00","description":"Czujka multisensorowa OSD63 (optyczno-temperaturowa) OSD63 pracuje w liniach dozorowych central sygnalizacji po\u017carowej oraz w\u0142amaniowej.","breadcrumb":{"@id":"https:\/\/lep.pl\/index.php\/en\/welcome\/osd63-multisensor-detector\/#breadcrumb"},"inLanguage":"pl-PL","potentialAction":[{"@type":"ReadAction","target":["https:\/\/lep.pl\/index.php\/en\/welcome\/osd63-multisensor-detector\/"]}]},{"@type":"ImageObject","inLanguage":"pl-PL","@id":"https:\/\/lep.pl\/index.php\/en\/welcome\/osd63-multisensor-detector\/#primaryimage","url":"http:\/\/lep.pl\/wp-content\/uploads\/2017\/01\/dongle_usb_osd63-413x294.jpg","contentUrl":"http:\/\/lep.pl\/wp-content\/uploads\/2017\/01\/dongle_usb_osd63-413x294.jpg"},{"@type":"BreadcrumbList","@id":"https:\/\/lep.pl\/index.php\/en\/welcome\/osd63-multisensor-detector\/#breadcrumb","itemListElement":[{"@type":"ListItem","position":1,"name":"Strona g\u0142\u00f3wna","item":"https:\/\/lep.pl\/"},{"@type":"ListItem","position":2,"name":"Welcome","item":"https:\/\/lep.pl\/index.php\/en\/welcome\/"},{"@type":"ListItem","position":3,"name":"OSD63 multisensor detector"}]},{"@type":"WebSite","@id":"https:\/\/lep.pl\/#website","url":"https:\/\/lep.pl\/","name":"LEP","description":"- centrale PPO\u017b, czujniki dymu i zasilacze","publisher":{"@id":"https:\/\/lep.pl\/#organization"},"potentialAction":[{"@type":"SearchAction","target":{"@type":"EntryPoint","urlTemplate":"https:\/\/lep.pl\/?s={search_term_string}"},"query-input":{"@type":"PropertyValueSpecification","valueRequired":true,"valueName":"search_term_string"}}],"inLanguage":"pl-PL"},{"@type":"Organization","@id":"https:\/\/lep.pl\/#organization","name":"Lep","url":"https:\/\/lep.pl\/","logo":{"@type":"ImageObject","inLanguage":"pl-PL","@id":"https:\/\/lep.pl\/#\/schema\/logo\/image\/","url":"https:\/\/lep.pl\/wp-content\/uploads\/2017\/04\/logo@1x.png","contentUrl":"https:\/\/lep.pl\/wp-content\/uploads\/2017\/04\/logo@1x.png","width":400,"height":54,"caption":"Lep"},"image":{"@id":"https:\/\/lep.pl\/#\/schema\/logo\/image\/"}}]}},"_links":{"self":[{"href":"https:\/\/lep.pl\/index.php\/wp-json\/wp\/v2\/pages\/3253","targetHints":{"allow":["GET"]}}],"collection":[{"href":"https:\/\/lep.pl\/index.php\/wp-json\/wp\/v2\/pages"}],"about":[{"href":"https:\/\/lep.pl\/index.php\/wp-json\/wp\/v2\/types\/page"}],"author":[{"embeddable":true,"href":"https:\/\/lep.pl\/index.php\/wp-json\/wp\/v2\/users\/5"}],"replies":[{"embeddable":true,"href":"https:\/\/lep.pl\/index.php\/wp-json\/wp\/v2\/comments?post=3253"}],"version-history":[{"count":19,"href":"https:\/\/lep.pl\/index.php\/wp-json\/wp\/v2\/pages\/3253\/revisions"}],"predecessor-version":[{"id":3296,"href":"https:\/\/lep.pl\/index.php\/wp-json\/wp\/v2\/pages\/3253\/revisions\/3296"}],"up":[{"embeddable":true,"href":"https:\/\/lep.pl\/index.php\/wp-json\/wp\/v2\/pages\/3129"}],"wp:attachment":[{"href":"https:\/\/lep.pl\/index.php\/wp-json\/wp\/v2\/media?parent=3253"}],"curies":[{"name":"wp","href":"https:\/\/api.w.org\/{rel}","templated":true}]}}